2 + 3*a + 2. Let r(n) = n - 17. Let p be r(22). Is j(p) a prime number?
False
Let c(w) = -42*w + 1. Is c(-3) composite?
False
Let m = 22 + -19. Suppose t - 4*o = 500 + 75, -m*o = 3. Is t prime?
True
Suppose -y = 3*y - 8. Suppose -y*z - 2*z = 48. Is ((-181)/(-4))/((-3)/z) a prime number?
True
Is ((-12516)/(-7) + 8)/(4 + -2) a prime number?
False
Let b = 225 - -186. Is b a composite number?
True
Suppose 27*k - 24*k - 3*s - 36093 = 0, 0 = 4*s. Is k a composite number?
True
Let f = 2499 - 844. Suppose 5*k + f = 6*k. Is k a prime number?
False
Let o(g) = 12*g + 3. Let z(q) = 25*q + 6. Suppose 5*v - 3*n + 59 = -n, 4*v = 4*n - 40. Let m(t) = v*o(t) + 6*z(t). Is m(-9) composite?
True
Suppose 212*u + 23093 = 219*u. Is u composite?
False
Suppose 4*i = -8, -3*f = -i - 3 + 1. Suppose 0*v - 13*v + 7631 = f. Is v a composite number?
False
Let m = 19 + 11. Let a be 28*(56 - 3) + 4. Is a/10 + 6/m a prime number?
True
Let s = -34 - -38. Suppose -3*r - 18426 = -k - 4*k, -18447 = -5*k - s*r. Is k prime?
False
Suppose 5*u = -0*u + 25. Suppose -5*f - t + 15 = 0, 4*t - 1 = -u*f + 14. Suppose -j + f*j - 388 = 0. Is j composite?
True
Let a = -197 + 202. Suppose 2*v - v = 735. Suppose q + v = 5*c - q, 0 = q - a. Is c prime?
True
Suppose r - 456799 = -6*r. Is r a composite number?
False
Is 485472/30 - 3/(-5) prime?
True
Let b = 26 + -23. Suppose -b*x + 1008 = -4641. Is x composite?
True
Let a = 24 + -23. Is (0 + a)*94/(-4)*-22 prime?
False
Let l = 14 + -11. Suppose -w + l*a + 7 = -2, 3*w + 15 = -5*a. Suppose -s + 244 - 25 = w. Is s a composite number?
True
Let x = -642 + 1680. Suppose 4*w - x = -2*v, -2*v + 5*v = 15. Is w composite?
False
Let s = -8 - -13. Suppose -y + 13 + s = 5*q, -2*y = 5*q - 21. Is ((-2)/(-6))/(q/711) a prime number?
True
Suppose x = -2*m + 19140, -5*m + x = 9301 - 57158. Is m composite?
True
Suppose -4*r = -0*r - 5924. Is r prime?
True
Let j(f) = -19*f**3 - 9*f**2 + 16*f - 1. Is j(-6) composite?
True
Suppose 2*v = 10, -3*d - 2*v = 2*v - 593. Is d a composite number?
False
Suppose 3*a - a = -12. Let p = a + 11. Suppose -p*j + 59 = -96. Is j prime?
True
Suppose -23339 = 22*h - 91737. Is h prime?
True
Let r(o) = o**3 - 4*o**2 + 8*o + 11. Let u(i) = -6*i + 2. Let s be u(-1). Is r(s) composite?
False
Let f be 4/10 + 1424/(-10). Let u = f + 284. Let k = u + -53. Is k a composite number?
False
Is ((-2913)/9)/((-7)/21) composite?
False
Suppose -4*f + 30 = 6. Let z(i) be the third derivative of i**4/4 - 5*i**3/6 + 4*i**2. Is z(f) composite?
False
Suppose -2*a + 1061 = z, 480 - 2601 = -4*a - z. Suppose t - a = -4*t. Is t composite?
True
Suppose 0 = -3*l - 17 + 41. Suppose -3*x - 195 = -l*x. Is x prime?
False
Suppose 3*d - 5*y - 9644 = 0, -3*d = -0*d - 2*y - 9659. Is d a prime number?
False
Let q be (-2 + 1)/(7/(-84)). Is (-2)/(-6) - (-7904)/q a composite number?
False
Suppose u - p = 2465, 2*u - p = -0*p + 4928. Suppose 7*f - 6070 - u = 0. Is f a composite number?
True
Suppose 0 = -18*z + 7*z + 2695. Suppose -b + 164 = b. Suppose -b = r - z. Is r composite?
False
Let k(n) = n**2 - n + 95. Let x be k(0). Suppose -3*y + j + 269 = 0, -y = -2*y - j + x. Is y a prime number?
False
Let k(s) = s + 1. Let l(g) be the second derivative of -245*g**3/6 - 7*g**2/2 + g. Let p(b) = -4*k(b) - l(b). Is p(2) prime?
False
Let s(i) = -3*i - 392 - 453*i**3 + 4*i + 394. Is s(-1) prime?
False
Let d(x) = x**3 - 31*x**2 - 38*x + 67. Is d(33) prime?
True
Let n(j) = -209*j - 2. Let p be n(-4). Suppose -i + 4*i - 3*l = 2412, 0 = i + 5*l - p. Is i a prime number?
True
Let c(s) = -s**3 - 8*s**2 - 2*s - 4. Let z be c(-8). Suppose -z*b = -16*b + 11708. Is b prime?
True
Is ((-4768)/20)/(-4)*(-15)/(-2) prime?
False
Let z(y) = 6*y**2 + 2*y + 9. Let s = -38 + 33. Is z(s) a composite number?
False
Let g(q) = 9*q**3 - 8*q**2 + 24*q + 33. Is g(18) a composite number?
True
Let a(t) = 4*t**3 - 2*t**2 - 2*t + 7. Suppose 0*o - 2*o + 2 = 5*r, 3*r = -4*o + 18. Is a(o) a composite number?
False
Let c(k) = -3*k**2 - k + 1 - 5 + k**3 + k**2. Let n be c(3). Suppose n*y + 3*l + 57 = 217, 75 = y + 4*l. Is y prime?
True
Let w(b) = 3*b**2 + 9*b + 5. Let t(o) = o**2 + 13*o - 9. Let s be t(-14). Suppose -3*n = -s*m + 41, n = -3*n - 5*m - 8. Is w(n) a composite number?
False
Let c(z) = 243*z - 5. Let x(y) = -121*y + 3. Let u(m) = -4*c(m) - 7*x(m). Let d be u(-8). Let a = d - 248. Is a composite?
False
Is (-9778)/4*(-50)/25 a composite number?
False
Suppose 101*h = 103*h - 3*d - 37233, -5*h + 93020 = 5*d. Is h a composite number?
True
Let k(d) = 8*d**2 + 9*d - 35. Is k(-12) composite?
False
Suppose -1110 - 127 = -m. Is m a prime number?
True
Let c be 3 + -116 - (1 + -2). Let l = -27 - c. Is l composite?
True
Suppose -5*q + 189 = -3*m, 3*m = 2*q - 5*q + 123. Let n = q + -97. Let v = 57 - n. Is v a prime number?
False
Let d = 5 - 0. Suppose -3*l = -d*n + 2330, -l - 699 = -5*n + 1631. Is n prime?
False
Suppose -4*f + 30 + 10 = 0. Suppose -5*b - f = -7*b. Is (-2)/b - (-807)/5 prime?
False
Suppose -5*c = -20, -5*w + 9*w = 4*c + 52. Suppose -2*d - 16305 = -w*d. Is d prime?
True
Let o(a) = -4*a**3 + 2*a**2 - 4*a + 2. Let v be o(1). Let s(n) = -462*n - 11. Is s(v) composite?
True
Suppose -9 = c + 4*o, 6*c - 2*c - 4*o = 24. Suppose -2*g + 4*t + 16 = -0*g, -c*g + 4*t + 18 = 0. Suppose -i + 174 = g*i. Is i prime?
False
Let c be (6/(-24))/(6/(-16))*-15. Is (-2)/(c/16295)*1 prime?
True
Let p(m) = m + 0*m + 1 - 8. Let f be p(6). Let i(l) = -186*l**3 - 2*l**2 - 2*l - 1. Is i(f) prime?
False
Let v be (-25)/20*(1 + -5). Suppose 2*c + 4*h - 8 = 4*c, v*c - h = 7. Suppose -r + 2*m - 3*m + 45 = 0, 0 = 4*r - c*m - 192. Is r a composite number?
False
Let a(l) = -l**2 + 4*l + 14. Let m be a(6). Suppose 3*k + h = m*k - 4, -8 = 5*k - h. Is k/(1 - (-276)/(-274)) prime?
False
Let k be (-3)/(-3) - 5*-2. Suppose 3*c = -f + 1, f = -f + 3*c + k. Suppose -260 = -f*z + 8. Is z a prime number?
True
Let b = -300 + 663. Suppose -5*q + b = -342. Is q prime?
False
Suppose -7*p + 5*k + 247 = -4*p, 0 = -3*p - 3*k + 279. Is p a prime number?
True
Is 499 + 0 - (25 + -25) composite?
False
Let p = 25 - 28. Let w be (-1 - 2) + 4 + p. Is (w/8)/(1/(-236)) a prime number?
True
Let f = 65274 + -35165. Is f a composite number?
False
Let g(l) = l**3 + 7*l**2 + 4*l - 10. Let h be g(-6). Let n(w) = -h*w - 120 + 13*w + 97 + w**2. Is n(-17) prime?
True
Let z(s) = 171*s**2 + 11*s - 47. Is z(4) a prime number?
False
Suppose -4*h + 530 = 4*a - 2*a, 5*a - 660 = -5*h. Suppose 87 = 3*w + 2*p, 2*p = -4*w + 5*p + h. Is w a prime number?
True
Let y(i) = -132*i - 22. Let l be y(14). Let j = -471 - l. Is j prime?
True
Let x = 10737 - 7293. Suppose -8*j - 4*j + x = 0. Is j composite?
True
Let a = -119 + 131. Suppose -10868 = -a*j + 38464. Is j composite?
False
Is (-40828)/590*215/(-2) prime?
False
Let f be 2/(-6) + (-24402)/(-63) - 4. Let x = f - -56. Is x a prime number?
True
Let c(k) = 5 - 5*k**2 - 4*k**2 - 7*k + 4*k**2 - 3*k**3. Let g(p) = -p**3 - 17*p**2 + p + 11. Let b be g(-17). Is c(b) a prime number?
False
Suppose -11*j = -14*j - 5*u + 16476, -5*u - 15 = 0. Is j a prime number?
False
Let m(k) be the third derivative of k**6/20 - k**4/24 - 5*k**2. Let w be m(1). Suppose -w*t - 79 + 1604 = 0. Is t a prime number?
False
Is (72/(-16) + 4)*-29938 prime?
True
Let l(y) be the first derivative of -y**4/4 + y**3/3 - 5*y**2/2 - 4*y + 9. Is l(-3) composite?
False
Suppose p - 4265 - 7884 = 0. Is p a composite number?
False
Let r(c) = 6*c + 3*c**3 - 4*c**3 + 8*c - 13 + 12*c**2. Let t be r(13). Suppose -3*u = -2*x - 1955, t*u + 5*x = -4*u + 2576. Is u a prime number?
False
Let n(m) = -39*m**3 + 2*m**2 - 10*m + 49. Is n(-6) a prime number?
False
Suppose -4*a + 6*a = 70. Let b = a + 8. Is b a prime number?
True
Suppose t + 4*w - 5373 = 0, 4*t - 5*w - 28866 = -7458. Suppose 4*b = 3*s - t, b = s - 0*s - 1785. Is s prime?
True
Let k = 204 - -80. Suppose k = 2*c + 8. Let d = 431 - c. Is d composite?
False
Suppose 4*h + 25 = 9. Let v be 8012/22 - h/(-22). Let b = v + -151. Is b a prime number?
False
Let k = -6746 + 12007. Is k composite?
False
Is (708/10)/(1/(25/10)) prime?
False
Suppose -12*o = 21*o - 627693. Is o a composite number?
True
Suppose -15 = -3*p, -13*m = -17*m - 2*p + 30078. Is m prime?
True
Is 28423 + 9 - 5/(-10)*-6 prime?
True
Let m be 12514/18 - 40/180. Suppose -5*v + a 